{"id":1649,"date":"2022-03-02T13:19:08","date_gmt":"2022-03-02T13:19:08","guid":{"rendered":"https:\/\/madadesk.agency\/?page_id=1649"},"modified":"2023-04-25T09:25:12","modified_gmt":"2023-04-25T09:25:12","slug":"assistants-virtuel","status":"publish","type":"page","link":"https:\/\/madadesk.agency\/index.php\/assistants-virtuel\/","title":{"rendered":"Assistant Virtuel"},"content":{"rendered":"\t\t<div data-elementor-type=\"wp-page\" data-elementor-id=\"1649\" class=\"elementor elementor-1649\">\n\t\t\t\t\t\t<section class=\"elementor-section elementor-top-section elementor-element elementor-element-b7280ad elementor-section-boxed elementor-section-height-default elementor-section-height-default\" data-id=\"b7280ad\" data-element_type=\"section\" data-settings=\"{&quot;background_background&quot;:&quot;classic&quot;}\">\n\t\t\t\t\t\t<div class=\"elementor-container elementor-column-gap-default\">\n\t\t\t\t\t<div class=\"elementor-column elementor-col-100 elementor-top-column elementor-element elementor-element-a50d27c\" data-id=\"a50d27c\" data-element_type=\"column\">\n\t\t\t<div class=\"elementor-widget-wrap elementor-element-populated\">\n\t\t\t\t\t\t<div class=\"elementor-element elementor-element-971b2e4 elementor-widget elementor-widget-heading\" data-id=\"971b2e4\" data-element_type=\"widget\" data-widget_type=\"heading.default\">\n\t\t\t\t<div class=\"elementor-widget-container\">\n\t\t\t\t\t<h1 class=\"elementor-heading-title elementor-size-default\">Tout savoir sur ce m\u00e9tier <\/h1>\t\t\t\t<\/div>\n\t\t\t\t<\/div>\n\t\t\t\t<div class=\"elementor-element elementor-element-f8c26f9 elementor-widget elementor-widget-spacer\" data-id=\"f8c26f9\" data-element_type=\"widget\" data-widget_type=\"spacer.default\">\n\t\t\t\t<div class=\"elementor-widget-container\">\n\t\t\t\t\t\t\t<div class=\"elementor-spacer\">\n\t\t\t<div class=\"elementor-spacer-inner\"><\/div>\n\t\t<\/div>\n\t\t\t\t\t\t<\/div>\n\t\t\t\t<\/div>\n\t\t\t\t\t<\/div>\n\t\t<\/div>\n\t\t\t\t\t<\/div>\n\t\t<\/section>\n\t\t\t\t<section class=\"elementor-section elementor-top-section elementor-element elementor-element-269a843 elementor-section-boxed elementor-section-height-default elementor-section-height-default\" data-id=\"269a843\" data-element_type=\"section\" data-settings=\"{&quot;background_background&quot;:&quot;classic&quot;}\">\n\t\t\t\t\t\t<div class=\"elementor-container elementor-column-gap-default\">\n\t\t\t\t\t<div class=\"elementor-column elementor-col-50 elementor-top-column elementor-element elementor-element-3870f53\" data-id=\"3870f53\" data-element_type=\"column\" data-settings=\"{&quot;background_background&quot;:&quot;classic&quot;}\">\n\t\t\t<div class=\"elementor-widget-wrap elementor-element-populated\">\n\t\t\t\t\t\t<div class=\"elementor-element elementor-element-d5baec8 elementor-widget elementor-widget-text-editor\" data-id=\"d5baec8\" data-element_type=\"widget\" data-widget_type=\"text-editor.default\">\n\t\t\t\t<div class=\"elementor-widget-container\">\n\t\t\t\t\t\t\t\t\t<h3 style=\"text-align: left;\"><span style=\"color: #003366;\"><strong>QU&rsquo;EST CE QU&rsquo;UN ASSISTANT VIRTUEL?<\/strong><\/span><\/h3><p><span style=\"color: #333333;\">Un assistant virtuel fonctionne \u00e0 distance, de sorte que vous n&rsquo;aurez pas besoin d&rsquo;investir dans des achats de bureaux ou des locations d&rsquo;espaces de travail. Il peut effectuer toutes les t\u00e2ches n\u00e9cessaires, \u00e0 condition d&rsquo;avoir des instructions simples \u00e0 suivre.<\/span><\/p><p><span style=\"color: #333333;\">Il vous fera gagner du temps dans l&rsquo;accomplissement de certaines t\u00e2ches mais \u00e9galement vous fait une \u00e9conomie dans l&rsquo;investissement des mat\u00e9riaux.<\/span><\/p>\t\t\t\t\t\t\t\t<\/div>\n\t\t\t\t<\/div>\n\t\t\t\t<div class=\"elementor-element elementor-element-ebbd0e3 elementor-widget elementor-widget-spacer\" data-id=\"ebbd0e3\" data-element_type=\"widget\" data-widget_type=\"spacer.default\">\n\t\t\t\t<div class=\"elementor-widget-container\">\n\t\t\t\t\t\t\t<div class=\"elementor-spacer\">\n\t\t\t<div class=\"elementor-spacer-inner\"><\/div>\n\t\t<\/div>\n\t\t\t\t\t\t<\/div>\n\t\t\t\t<\/div>\n\t\t\t\t\t<\/div>\n\t\t<\/div>\n\t\t\t\t<div class=\"elementor-column elementor-col-50 elementor-top-column elementor-element elementor-element-77887bf\" data-id=\"77887bf\" data-element_type=\"column\" data-settings=\"{&quot;background_background&quot;:&quot;classic&quot;}\">\n\t\t\t<div class=\"elementor-widget-wrap elementor-element-populated\">\n\t\t\t\t\t\t<div class=\"elementor-element elementor-element-b841b44 elementor-widget elementor-widget-image\" data-id=\"b841b44\" data-element_type=\"widget\" data-widget_type=\"image.default\">\n\t\t\t\t<div class=\"elementor-widget-container\">\n\t\t\t\t\t\t\t\t\t\t\t\t\t\t\t<img fetchpriority=\"high\" decoding=\"async\" width=\"1000\" height=\"666\" src=\"https:\/\/madadesk.agency\/wp-content\/uploads\/2023\/04\/339761405_915368466354195_2853718930264645876_n.png\" class=\"attachment-large size-large wp-image-2346\" alt=\"\" srcset=\"https:\/\/madadesk.agency\/wp-content\/uploads\/2023\/04\/339761405_915368466354195_2853718930264645876_n.png 1000w, https:\/\/madadesk.agency\/wp-content\/uploads\/2023\/04\/339761405_915368466354195_2853718930264645876_n-300x200.png 300w, https:\/\/madadesk.agency\/wp-content\/uploads\/2023\/04\/339761405_915368466354195_2853718930264645876_n-768x511.png 768w\" sizes=\"(max-width: 1000px) 100vw, 1000px\" \/>\t\t\t\t\t\t\t\t\t\t\t\t\t\t\t<\/div>\n\t\t\t\t<\/div>\n\t\t\t\t\t<\/div>\n\t\t<\/div>\n\t\t\t\t\t<\/div>\n\t\t<\/section>\n\t\t\t\t<section class=\"elementor-section elementor-top-section elementor-element elementor-element-7403897 elementor-section-boxed elementor-section-height-default elementor-section-height-default\" data-id=\"7403897\" data-element_type=\"section\" data-settings=\"{&quot;background_background&quot;:&quot;classic&quot;}\">\n\t\t\t\t\t\t<div class=\"elementor-container elementor-column-gap-default\">\n\t\t\t\t\t<div class=\"elementor-column elementor-col-100 elementor-top-column elementor-element elementor-element-5856c46\" data-id=\"5856c46\" data-element_type=\"column\">\n\t\t\t<div class=\"elementor-widget-wrap elementor-element-populated\">\n\t\t\t\t\t\t<div class=\"elementor-element elementor-element-e4116bc elementor-widget elementor-widget-spacer\" data-id=\"e4116bc\" data-element_type=\"widget\" data-widget_type=\"spacer.default\">\n\t\t\t\t<div class=\"elementor-widget-container\">\n\t\t\t\t\t\t\t<div class=\"elementor-spacer\">\n\t\t\t<div class=\"elementor-spacer-inner\"><\/div>\n\t\t<\/div>\n\t\t\t\t\t\t<\/div>\n\t\t\t\t<\/div>\n\t\t\t\t<div class=\"elementor-element elementor-element-55753a8 elementor-widget elementor-widget-text-editor\" data-id=\"55753a8\" data-element_type=\"widget\" data-widget_type=\"text-editor.default\">\n\t\t\t\t<div class=\"elementor-widget-container\">\n\t\t\t\t\t\t\t\t\t<h3 style=\"text-align: left;\"><span style=\"color: #003366;\"><strong>POURQUOI CHOISIR UN ASSISTANT VIRTUEL?<\/strong><\/span><\/h3><p><span style=\"color: #000000;\">Voici les 4 raisons pour lesquelles, il est b\u00e9n\u00e9fique pour vous de choisir un assistant virtuel :<\/span><\/p>\t\t\t\t\t\t\t\t<\/div>\n\t\t\t\t<\/div>\n\t\t\t\t<section class=\"elementor-section elementor-inner-section elementor-element elementor-element-183bd35 elementor-section-boxed elementor-section-height-default elementor-section-height-default\" data-id=\"183bd35\" data-element_type=\"section\">\n\t\t\t\t\t\t<div class=\"elementor-container elementor-column-gap-default\">\n\t\t\t\t\t<div class=\"elementor-column elementor-col-25 elementor-inner-column elementor-element elementor-element-2b39833\" data-id=\"2b39833\" data-element_type=\"column\" data-settings=\"{&quot;background_background&quot;:&quot;classic&quot;}\">\n\t\t\t<div class=\"elementor-widget-wrap elementor-element-populated\">\n\t\t\t\t\t\t<div class=\"elementor-element elementor-element-0c8ff50 elementor-widget elementor-widget-text-editor\" data-id=\"0c8ff50\" data-element_type=\"widget\" data-widget_type=\"text-editor.default\">\n\t\t\t\t<div class=\"elementor-widget-container\">\n\t\t\t\t\t\t\t\t\t<ul><li style=\"text-align: left;\"><span style=\"color: #003366;\"><strong>Un professionnel dans son domaine\u00a0<\/strong><\/span><\/li><\/ul><p>Nous vous garantissons un travail de qualit\u00e9 et un suivi \u00e9troit avec nos assistants virtuels. Vous assignez les t\u00e2ches \u00e0 accomplir avec les consignes et nous nous chargeons de les suivre \u00e0 la lettre pour un rendu satisfaisant. Un contr\u00f4le r\u00e9gulier et inopin\u00e9 est effectu\u00e9 sur son lieu de travail et son \u00e9volution.<\/p>\t\t\t\t\t\t\t\t<\/div>\n\t\t\t\t<\/div>\n\t\t\t\t\t<\/div>\n\t\t<\/div>\n\t\t\t\t<div class=\"elementor-column elementor-col-25 elementor-inner-column elementor-element elementor-element-34720e2\" data-id=\"34720e2\" data-element_type=\"column\" data-settings=\"{&quot;background_background&quot;:&quot;classic&quot;}\">\n\t\t\t<div class=\"elementor-widget-wrap elementor-element-populated\">\n\t\t\t\t\t\t<div class=\"elementor-element elementor-element-e5beb15 elementor-widget elementor-widget-text-editor\" data-id=\"e5beb15\" data-element_type=\"widget\" data-widget_type=\"text-editor.default\">\n\t\t\t\t<div class=\"elementor-widget-container\">\n\t\t\t\t\t\t\t\t\t<ul><li style=\"text-align: left;\"><span style=\"color: #003366;\"><strong>Un gain de temps et de financement\u00a0<\/strong><\/span><\/li><\/ul><p>Pas besoin de bureau en particulier, nos assistants virtuels disposent d\u00e9j\u00e0 de leurs espaces working avec les outils n\u00e9cessaires de base (ordinateur, casque et connexion). Pas de taxe. Engagez votre assistant pour vous lib\u00e9rer et gagner du temps afin de vous consacrer \u00e0 l&rsquo;essentiel. Le travail peut \u00eatre fait en dehors des heures normales de bureau.<\/p>\t\t\t\t\t\t\t\t<\/div>\n\t\t\t\t<\/div>\n\t\t\t\t\t<\/div>\n\t\t<\/div>\n\t\t\t\t<div class=\"elementor-column elementor-col-25 elementor-inner-column elementor-element elementor-element-1c35dde\" data-id=\"1c35dde\" data-element_type=\"column\" data-settings=\"{&quot;background_background&quot;:&quot;classic&quot;}\">\n\t\t\t<div class=\"elementor-widget-wrap elementor-element-populated\">\n\t\t\t\t\t\t<div class=\"elementor-element elementor-element-671a4ff elementor-widget elementor-widget-text-editor\" data-id=\"671a4ff\" data-element_type=\"widget\" data-widget_type=\"text-editor.default\">\n\t\t\t\t<div class=\"elementor-widget-container\">\n\t\t\t\t\t\t\t\t\t<ul><li style=\"text-align: left;\"><strong><span style=\"color: #003366;\">Un assistant polyvalent et multi-t\u00e2che.\u00a0<\/span><\/strong><\/li><\/ul><p>Vous avez la possibilit\u00e9\u00a0 d&rsquo;assigner une t\u00e2che pr\u00e9cise ou diff\u00e9rentes fonctions selon vos besoins. Nos assistants s&rsquo;adaptent facilement et apprennent avec rapidit\u00e9 (dans la mesure du possible). <br \/>Les assistants virtuels peuvent s\u2019occuper du secr\u00e9tariat, des t\u00e2ches administratives, commerciales, RH et recrutement, marketing etc.<\/p>\t\t\t\t\t\t\t\t<\/div>\n\t\t\t\t<\/div>\n\t\t\t\t\t<\/div>\n\t\t<\/div>\n\t\t\t\t<div class=\"elementor-column elementor-col-25 elementor-inner-column elementor-element elementor-element-faf40c5\" data-id=\"faf40c5\" data-element_type=\"column\" data-settings=\"{&quot;background_background&quot;:&quot;classic&quot;}\">\n\t\t\t<div class=\"elementor-widget-wrap elementor-element-populated\">\n\t\t\t\t\t\t<div class=\"elementor-element elementor-element-45c8c28 elementor-widget elementor-widget-text-editor\" data-id=\"45c8c28\" data-element_type=\"widget\" data-widget_type=\"text-editor.default\">\n\t\t\t\t<div class=\"elementor-widget-container\">\n\t\t\t\t\t\t\t\t\t<ul><li style=\"text-align: left;\"><strong><span style=\"color: #003366;\">\u00a0Paiement simplifi\u00e9 adapt\u00e9 \u00e0 votre localisation\u00a0<\/span><\/strong><\/li><\/ul><p>Payez uniquement aux heures pass\u00e9es sur un projet.<br \/>N&rsquo;h\u00e9sitez pas \u00e0 nous contacter pour connaitre les diff\u00e9rentes offres de collaboration et modes de paiement accept\u00e9s.<br \/>Nous mettons \u00e0 disposition des clients plusieurs options pour une flexibilit\u00e9 des horaires ainsi que des tarifs.\u00a0<\/p>\t\t\t\t\t\t\t\t<\/div>\n\t\t\t\t<\/div>\n\t\t\t\t\t<\/div>\n\t\t<\/div>\n\t\t\t\t\t<\/div>\n\t\t<\/section>\n\t\t\t\t<div class=\"elementor-element elementor-element-6c33ea2 elementor-widget elementor-widget-spacer\" data-id=\"6c33ea2\" data-element_type=\"widget\" data-widget_type=\"spacer.default\">\n\t\t\t\t<div class=\"elementor-widget-container\">\n\t\t\t\t\t\t\t<div class=\"elementor-spacer\">\n\t\t\t<div class=\"elementor-spacer-inner\"><\/div>\n\t\t<\/div>\n\t\t\t\t\t\t<\/div>\n\t\t\t\t<\/div>\n\t\t\t\t\t<\/div>\n\t\t<\/div>\n\t\t\t\t\t<\/div>\n\t\t<\/section>\n\t\t\t\t<section class=\"elementor-section elementor-top-section elementor-element elementor-element-6b6bfc8 elementor-section-boxed elementor-section-height-default elementor-section-height-default\" data-id=\"6b6bfc8\" data-element_type=\"section\">\n\t\t\t\t\t\t<div class=\"elementor-container elementor-column-gap-default\">\n\t\t\t\t\t<div class=\"elementor-column elementor-col-100 elementor-top-column elementor-element elementor-element-7ba5f5f\" data-id=\"7ba5f5f\" data-element_type=\"column\">\n\t\t\t<div class=\"elementor-widget-wrap elementor-element-populated\">\n\t\t\t\t\t\t<div class=\"elementor-element elementor-element-a1dc592 elementor-widget elementor-widget-spacer\" data-id=\"a1dc592\" data-element_type=\"widget\" data-widget_type=\"spacer.default\">\n\t\t\t\t<div class=\"elementor-widget-container\">\n\t\t\t\t\t\t\t<div class=\"elementor-spacer\">\n\t\t\t<div class=\"elementor-spacer-inner\"><\/div>\n\t\t<\/div>\n\t\t\t\t\t\t<\/div>\n\t\t\t\t<\/div>\n\t\t\t\t\t<\/div>\n\t\t<\/div>\n\t\t\t\t\t<\/div>\n\t\t<\/section>\n\t\t\t\t<section class=\"elementor-section elementor-top-section elementor-element elementor-element-512a3ad elementor-section-boxed elementor-section-height-default elementor-section-height-default\" data-id=\"512a3ad\" data-element_type=\"section\" data-settings=\"{&quot;background_background&quot;:&quot;classic&quot;}\">\n\t\t\t\t\t\t<div class=\"elementor-container elementor-column-gap-default\">\n\t\t\t\t\t<div class=\"elementor-column elementor-col-50 elementor-top-column elementor-element elementor-element-769943a\" data-id=\"769943a\" data-element_type=\"column\">\n\t\t\t<div class=\"elementor-widget-wrap elementor-element-populated\">\n\t\t\t\t\t\t<div class=\"elementor-element elementor-element-94d251a elementor-widget elementor-widget-image\" data-id=\"94d251a\" data-element_type=\"widget\" data-widget_type=\"image.default\">\n\t\t\t\t<div class=\"elementor-widget-container\">\n\t\t\t\t\t\t\t\t\t\t\t\t\t\t\t<img decoding=\"async\" width=\"768\" height=\"658\" src=\"https:\/\/madadesk.agency\/wp-content\/uploads\/2023\/01\/portrait-of-beautiful-asian-woman-saleswoman-pointing-fingers-right-and-showing-info-banner-or-logo-sale-advertisement-standing-over-white-background-1-768x658.jpg\" class=\"attachment-medium_large size-medium_large wp-image-1910\" alt=\"\" srcset=\"https:\/\/madadesk.agency\/wp-content\/uploads\/2023\/01\/portrait-of-beautiful-asian-woman-saleswoman-pointing-fingers-right-and-showing-info-banner-or-logo-sale-advertisement-standing-over-white-background-1-768x658.jpg 768w, https:\/\/madadesk.agency\/wp-content\/uploads\/2023\/01\/portrait-of-beautiful-asian-woman-saleswoman-pointing-fingers-right-and-showing-info-banner-or-logo-sale-advertisement-standing-over-white-background-1-300x257.jpg 300w, https:\/\/madadesk.agency\/wp-content\/uploads\/2023\/01\/portrait-of-beautiful-asian-woman-saleswoman-pointing-fingers-right-and-showing-info-banner-or-logo-sale-advertisement-standing-over-white-background-1-1024x877.jpg 1024w, https:\/\/madadesk.agency\/wp-content\/uploads\/2023\/01\/portrait-of-beautiful-asian-woman-saleswoman-pointing-fingers-right-and-showing-info-banner-or-logo-sale-advertisement-standing-over-white-background-1-1536x1316.jpg 1536w, https:\/\/madadesk.agency\/wp-content\/uploads\/2023\/01\/portrait-of-beautiful-asian-woman-saleswoman-pointing-fingers-right-and-showing-info-banner-or-logo-sale-advertisement-standing-over-white-background-1-2048x1754.jpg 2048w\" sizes=\"(max-width: 768px) 100vw, 768px\" \/>\t\t\t\t\t\t\t\t\t\t\t\t\t\t\t<\/div>\n\t\t\t\t<\/div>\n\t\t\t\t\t<\/div>\n\t\t<\/div>\n\t\t\t\t<div class=\"elementor-column elementor-col-50 elementor-top-column elementor-element elementor-element-7acf56f\" data-id=\"7acf56f\" data-element_type=\"column\">\n\t\t\t<div class=\"elementor-widget-wrap elementor-element-populated\">\n\t\t\t\t\t\t<div class=\"elementor-element elementor-element-2c3b9bd elementor-widget elementor-widget-text-editor\" data-id=\"2c3b9bd\" data-element_type=\"widget\" data-widget_type=\"text-editor.default\">\n\t\t\t\t<div class=\"elementor-widget-container\">\n\t\t\t\t\t\t\t\t\t<h3><span style=\"color: #003366;\"><strong>COMMENT COLLABORER AVEC UN ASSISTANT VIRTUEL ?<\/strong><\/span><\/h3><p>M\u00eame en \u00e9tant \u00e0 distance, il n&rsquo;est pas si difficile de collaborer ensemble. Beaucoup d&rsquo;outils sont disponibles pour une meilleure communication \u00e0 savoir Microsoft office, Google Drive, Skype et bien d&rsquo;autres.<br \/>Nos assistants virtuels ont d\u00e9j\u00e0 les mat\u00e9riaux n\u00e9cessaires pour pouvoir \u00e9changer et discuter des missions avec vous.<\/p><p>Pour assurer l&rsquo;efficacit\u00e9 d&rsquo;un travail et une meilleure coop\u00e9ration, il faut \u00e9tablir un lien de confiance entre vous et votre adjoint virtuel.<\/p>\t\t\t\t\t\t\t\t<\/div>\n\t\t\t\t<\/div>\n\t\t\t\t\t<\/div>\n\t\t<\/div>\n\t\t\t\t\t<\/div>\n\t\t<\/section>\n\t\t\t\t<section class=\"elementor-section elementor-top-section elementor-element elementor-element-bdb613c elementor-section-boxed elementor-section-height-default elementor-section-height-default\" data-id=\"bdb613c\" data-element_type=\"section\">\n\t\t\t\t\t\t<div class=\"elementor-container elementor-column-gap-default\">\n\t\t\t\t\t<div class=\"elementor-column elementor-col-50 elementor-top-column elementor-element elementor-element-6a6220c\" data-id=\"6a6220c\" data-element_type=\"column\" data-settings=\"{&quot;background_background&quot;:&quot;classic&quot;}\">\n\t\t\t<div class=\"elementor-widget-wrap elementor-element-populated\">\n\t\t\t\t\t\t<div class=\"elementor-element elementor-element-c80ed19 elementor-widget elementor-widget-text-editor\" data-id=\"c80ed19\" data-element_type=\"widget\" data-widget_type=\"text-editor.default\">\n\t\t\t\t<div class=\"elementor-widget-container\">\n\t\t\t\t\t\t\t\t\t<h3 style=\"text-align: left;\"><span style=\"color: #003366;\"><strong>QUE PEUT FAIRE UN ASSISTANT VIRTUEL?<\/strong><\/span><\/h3><p>Tout ce qui peut \u00eatre r\u00e9alis\u00e9 \u00e0 l&rsquo;aide d&rsquo;un ordinateur et une connexion, l&rsquo;assistant virtuel peut le faire pour vous : gestion d&#8217;email, gestion d&rsquo;un site Web, comptabilit\u00e9 ou administration,&#8230;\u00a0<\/p><p>Beaucoup de possibilit\u00e9s s&rsquo;offrent \u00e0 nous. Confiez-leur toutes les t\u00e2ches qui vous demandent beaucoup de temps et qui vous emp\u00eachent de vous concentrer enti\u00e8rement sur l&rsquo;essentiel.<\/p>\t\t\t\t\t\t\t\t<\/div>\n\t\t\t\t<\/div>\n\t\t\t\t\t<\/div>\n\t\t<\/div>\n\t\t\t\t<div class=\"elementor-column elementor-col-50 elementor-top-column elementor-element elementor-element-65e88b9\" data-id=\"65e88b9\" data-element_type=\"column\">\n\t\t\t<div class=\"elementor-widget-wrap elementor-element-populated\">\n\t\t\t\t\t\t<div class=\"elementor-element elementor-element-ff682fe elementor-widget elementor-widget-image\" data-id=\"ff682fe\" data-element_type=\"widget\" data-widget_type=\"image.default\">\n\t\t\t\t<div class=\"elementor-widget-container\">\n\t\t\t\t\t\t\t\t\t\t\t\t\t\t\t<img decoding=\"async\" width=\"880\" height=\"586\" src=\"https:\/\/madadesk.agency\/wp-content\/uploads\/2023\/04\/339494766_621743223329777_4052275541771033717_n-1.jpg\" class=\"attachment-1536x1536 size-1536x1536 wp-image-2373\" alt=\"\" srcset=\"https:\/\/madadesk.agency\/wp-content\/uploads\/2023\/04\/339494766_621743223329777_4052275541771033717_n-1.jpg 880w, https:\/\/madadesk.agency\/wp-content\/uploads\/2023\/04\/339494766_621743223329777_4052275541771033717_n-1-300x200.jpg 300w, https:\/\/madadesk.agency\/wp-content\/uploads\/2023\/04\/339494766_621743223329777_4052275541771033717_n-1-768x511.jpg 768w\" sizes=\"(max-width: 880px) 100vw, 880px\" \/>\t\t\t\t\t\t\t\t\t\t\t\t\t\t\t<\/div>\n\t\t\t\t<\/div>\n\t\t\t\t\t<\/div>\n\t\t<\/div>\n\t\t\t\t\t<\/div>\n\t\t<\/section>\n\t\t\t\t<section class=\"elementor-section elementor-top-section elementor-element elementor-element-b16339a elementor-section-boxed elementor-section-height-default elementor-section-height-default\" data-id=\"b16339a\" data-element_type=\"section\" data-settings=\"{&quot;background_background&quot;:&quot;classic&quot;}\">\n\t\t\t\t\t\t<div class=\"elementor-container elementor-column-gap-default\">\n\t\t\t\t\t<div class=\"elementor-column elementor-col-100 elementor-top-column elementor-element elementor-element-21e2fc6\" data-id=\"21e2fc6\" data-element_type=\"column\">\n\t\t\t<div class=\"elementor-widget-wrap elementor-element-populated\">\n\t\t\t\t\t\t<div class=\"elementor-element elementor-element-f00b72e elementor-widget elementor-widget-text-editor\" data-id=\"f00b72e\" data-element_type=\"widget\" data-widget_type=\"text-editor.default\">\n\t\t\t\t<div class=\"elementor-widget-container\">\n\t\t\t\t\t\t\t\t\t<p style=\"text-align: center;\"><strong>CONTACTEZ NOUS POUR PLUS D&rsquo;INFORMATION<\/strong><\/p>\t\t\t\t\t\t\t\t<\/div>\n\t\t\t\t<\/div>\n\t\t\t\t\t<\/div>\n\t\t<\/div>\n\t\t\t\t\t<\/div>\n\t\t<\/section>\n\t\t\t\t<\/div>\n\t\t","protected":false},"excerpt":{"rendered":"<p>Tout savoir sur ce m\u00e9tier QU&rsquo;EST CE QU&rsquo;UN ASSISTANT VIRTUEL? Un assistant virtuel fonctionne \u00e0 distance, de sorte que vous n&rsquo;aurez pas besoin d&rsquo;investir dans des achats de bureaux ou des locations d&rsquo;espaces de travail. Il peut effectuer toutes les t\u00e2ches n\u00e9cessaires, \u00e0 condition d&rsquo;avoir des instructions simples \u00e0 suivre. Il vous fera gagner du&#8230;<\/p>\n","protected":false},"author":1,"featured_media":0,"parent":0,"menu_order":0,"comment_status":"closed","ping_status":"closed","template":"","meta":{"om_disable_all_campaigns":false,"_monsterinsights_skip_tracking":false,"_monsterinsights_sitenote_active":false,"_monsterinsights_sitenote_note":"","_monsterinsights_sitenote_category":0,"_kadence_starter_templates_imported_post":false,"_kad_post_transparent":"","_kad_post_title":"hide","_kad_post_layout":"fullwidth","_kad_post_sidebar_id":"","_kad_post_content_style":"unboxed","_kad_post_vertical_padding":"hide","_kad_post_feature":"hide","_kad_post_feature_position":"","_kad_post_header":false,"_kad_post_footer":false,"footnotes":""},"aioseo_notices":[],"_links":{"self":[{"href":"https:\/\/madadesk.agency\/index.php\/wp-json\/wp\/v2\/pages\/1649"}],"collection":[{"href":"https:\/\/madadesk.agency\/index.php\/wp-json\/wp\/v2\/pages"}],"about":[{"href":"https:\/\/madadesk.agency\/index.php\/wp-json\/wp\/v2\/types\/page"}],"author":[{"embeddable":true,"href":"https:\/\/madadesk.agency\/index.php\/wp-json\/wp\/v2\/users\/1"}],"replies":[{"embeddable":true,"href":"https:\/\/madadesk.agency\/index.php\/wp-json\/wp\/v2\/comments?post=1649"}],"version-history":[{"count":97,"href":"https:\/\/madadesk.agency\/index.php\/wp-json\/wp\/v2\/pages\/1649\/revisions"}],"predecessor-version":[{"id":2432,"href":"https:\/\/madadesk.agency\/index.php\/wp-json\/wp\/v2\/pages\/1649\/revisions\/2432"}],"wp:attachment":[{"href":"https:\/\/madadesk.agency\/index.php\/wp-json\/wp\/v2\/media?parent=1649"}],"curies":[{"name":"wp","href":"https:\/\/api.w.org\/{rel}","templated":true}]}}